14/(-35))/(t/170) a prime number?
False
Suppose -2212 = -3*k - t - 539, -4*k - 5*t + 2216 = 0. Suppose -12*a = -1973 - k. Is a a composite number?
False
Suppose 15*a - 17*a = -5*x - 79636, 0 = 2*a + x - 79648. Is a a prime number?
False
Let o(i) be the first derivative of -i**4/4 - 5*i**3/3 + 2*i**2 - 15*i + 13. Suppose 4*a = 5*h + 56, 8 = -6*h + 3*h - 4*a. Is o(h) a composite number?
True
Let h = 3205 + 1086. Suppose 0*t - 7*t + h = 0. Is t a prime number?
True
Is (4/(-16)*-4)/((-3)/(-14583)) a prime number?
True
Suppose 9 + 11 = -5*f, -b - 4*f = 10. Suppose -225 = -z + b*z. Let w = 98 + z. Is w a composite number?
False
Let l(u) = -u**2 - 9*u + 10. Let q be l(-10). Suppose q*r = -3*r - 3*b + 9, -5*b - 5 = r. Let h(v) = 6*v**2 - v + 10. Is h(r) a prime number?
False
Suppose -y - 2*b - 219 + 890 = 0, -4*b - 4 = 0. Is y prime?
True
Let c(b) be the first derivative of -b**2 - 21*b + 2. Let l be c(-12). Suppose l*m - 781 = 1052. Is m a composite number?
True
Suppose 23*g = 19*g. Is (g + 2)*1937/26 a composite number?
False
Let p(b) = b**3 + 5*b**2 + 5*b + 2. Let v be p(-3). Is 106/10 + 2/v a composite number?
False
Let m = 651 + 550. Is m prime?
True
Suppose -3240 = 18*d - 23*d. Let i = 1 + d. Is i a composite number?
True
Let w(y) = 2*y**2 + y - 6. Let p be w(4). Let o = -16 + p. Let f(u) = u**3 - 13*u**2 - 10*u + 3. Is f(o) composite?
False
Let r be 2/(-8)*-10 - 9/(-6). Is -4 + 5 + r - -2780 a composite number?
True
Suppose p - 10 = -p. Suppose p*w - 19 = -3*c, -2*w + 3*w = -2*c + 8. Suppose -3*n = 4*d - 137, d = c*n + 3*d - 127. Is n composite?
True
Let u = 1384 + -237. Is u composite?
True
Let l be 5 + (0 - (-4)/(-2)). Let x be 0 + 45/(l - 6). Is -3 + (x/5 - -223) a prime number?
False
Is 347*(-6 - (2 + -19)) a prime number?
False
Suppose -2*q = 5*a + 2*q + 403595, -q - 403580 = 5*a. Is a/20*(-20)/15 a prime number?
True
Suppose j = -4*u + 12131, -j + 5050 = 5*u - 7076. Is j composite?
True
Suppose -2*q + q + 5*c + 41 = 0, 90 = 5*q - 2*c. Is ((-2348)/16)/(((-4)/q)/1) a composite number?
False
Let g(u) = -u**3 + 58*u**2 + 58*u - 122. Is g(55) a prime number?
True
Let h = -14 + 8. Let g = -13 - 26. Let n = h - g. Is n composite?
True
Let b(x) = -584*x - 83. Is b(-5) a prime number?
True
Let w = 25102 - -3137. Is w a composite number?
True
Is 2 - (-2)/((-16)/(-4712))*3 a composite number?
True
Suppose -5*s + 1367 = -2*h, 4 = -2*h - 2*h. Let f = 786 - s. Let p = f - 94. Is p a prime number?
True
Let s = -301 - -4892. Is s composite?
False
Suppose 3*g + x = -11, -3*x - 26 = 3*g + x. Let u be (g/6)/(1/(-4827)). Suppose -4*n + 1307 = -5*o, -2*o + u = 2*n + 3*n. Is n a composite number?
True
Suppose -5*d + 285 = -440. Let v = d - -155. Suppose 3*b - 3*a = v + 6, 2*b - 3*a - 200 = 0. Is b a composite number?
True
Suppose -4*u + 0*u - 3*h - 24 = 0, 4*h - 24 = 4*u. Let n(v) be the first derivative of 2*v**3/3 - 2*v**2 - 5*v + 34. Is n(u) composite?
True
Let p(j) = -704*j + 13. Is p(-6) prime?
False
Let h(f) = -f - 22. Let z be h(-24). Suppose n - z*c - 801 = 0, -c = -0*c - 4. Is n prime?
True
Suppose -621035 = -12*j - 23639. Is j a composite number?
False
Let j(n) = -n**3 - 6*n**2 + 4*n + 1. Let h be (-8)/(4 + -3) - -1. Let b be j(h). Is (-1825)/(-55) - 4/b a prime number?
False
Let x(s) = s**3 - s**2 - s + 37. Let u be x(0). Let h = 53 - u. Suppose h*z - 12*z - 44 = 0. Is z a prime number?
True
Let g(m) = -39*m**3 - 5*m**2 - 17*m + 17. Is g(-8) prime?
True
Is (848/40)/(5/25) a prime number?
False
Let r(d) = 130*d - 9. Let w be r(-4). Let c = w + 2096. Is c a prime number?
True
Let a be 3/9*0 + -3. Is (a/12)/((-1)/628) composite?
False
Let o(m) be the first derivative of -7*m**4/2 - 4*m**3 + 11*m**2 + 8*m + 11. Let y be o(-10). Is (y/(-48))/(1/(-4)) composite?
False
Let o(t) = -12*t**3 - 12*t**2 + 11*t + 23. Is o(-10) a composite number?
True
Let o be 8/(-4) + 3 - -1. Let m(x) = 0*x**2 - x**3 - 6 + 9*x**o + x**2 + 25 + 8*x. Is m(8) a prime number?
True
Suppose -3*y + 0*d - 5*d + 7 = 0, 4*d = -4. Suppose 16*g = y*g + 76236. Is g a prime number?
True
Let b = -1126 + 12987. Is b prime?
False
Let k(w) = -w**3 + 15*w**2 + 15*w + 16. Let o be k(16). Let p be (-7)/(-1) + -1*2. Suppose o = p*s - 192 + 22. Is s a composite number?
True
Suppose -40*m = -38*m + 4, -v = -2*m - 267. Is v prime?
True
Let q(h) = -12*h + 6*h - 14*h - 12*h. Let s be q(-2). Let y = s + -31. Is y a composite number?
True
Let d = 52674 - 17867. Is d a composite number?
False
Suppose 3*f - 4 = -7, f = -2*l + 19461. Is l a prime number?
False
Let n(o) = o**2 + 1. Let x(l) = 6*l**2 - 13*l + 11. Let k(i) = -4*n(i) + x(i). Is k(-14) a prime number?
False
Suppose 0 = -2*m - 2*t + 1151 + 4653, 4*t = -3*m + 8707. Suppose -m = 26*c - 29*c. Is c composite?
False
Suppose -5*g - 1125 = -6*g. Suppose 0 = -3*y - 3*p + 12, 10 = 4*y - y + p. Suppose 4*x = -2*a + 774, -3*a + y*x + 0*x = -g. Is a composite?
False
Suppose 2*r + x - 512 = -x, 4*x = 4*r - 1008. Is r prime?
False
Is (-331460)/(-40) + (-2)/(-4) prime?
True
Let a = 55573 + -39026. Is a composite?
False
Suppose -330 = -3*s - 24. Suppose 3*y + 2*m + 0*m - 157 = 0, 2*y = -2*m + s. Is y prime?
False
Let p be (2 - 3 - 36) + 1. Let l be (-1)/6 - (-8814)/p. Let o = l - -376. Is o composite?
False
Suppose -4*h - h = 85. Let m = h - -412. Is m composite?
True
Suppose 16490 = s + a, -2*s + 6*a - 4*a = -33000. Is s composite?
True
Let x(l) = 3*l**2 - 16*l + 56. Is x(41) a composite number?
True
Let l(q) be the third derivative of -q**6/120 + q**5/60 + 2101*q**3/6 + 23*q**2. Is l(0) composite?
True
Suppose -v + 0*y = 3*y - 12, -v = 2*y - 8. Suppose -p - 2*j = -791, -5*p + 3943 = -v*j - 2*j. Is p/7 - (-2)/7 composite?
False
Let s(o) = -2*o**3 + 13*o + 3*o**3 - 4*o - 4*o**2 - 15. Let k be s(6). Suppose -5*q - i + 26 = -77, 3*i = 5*q - k. Is q prime?
False
Is (140/(-56))/(2/(-4156)) a prime number?
False
Let a be (762/(-12))/(3/(-6)). Suppose x - 4*o + a = 2564, 3*x - 7293 = 3*o. Is x a composite number?
True
Let n(j) = 6*j**3 + 4*j**2 - 2*j + 3. Let o be (1 - (4 + 11))*1. Let r = -10 - o. Is n(r) composite?
False
Suppose -5*r = 20 - 0. Let t be r/(-14) - (-4)/(-14). Suppose t*x = -5*x + 30. Is x a composite number?
True
Let a(k) = 1453*k + 3. Let n be a(2). Let m = -2008 + n. Is m prime?
False
Suppose -8 = -3*x - x. Let n be 22/5 + x/(-5). Suppose 5*h - 232 = -n*s, -8 = 5*h - 28. Is s a composite number?
False
Is (-11)/44 - ((-11529)/4 + 3) composite?
False
Let p(d) = 3*d**2 + 20*d + 14. Is p(-17) a composite number?
False
Suppose 4*v - 4*b - 35 = -b, -2*v + 15 = -b. Suppose -v - 3 = -2*z. Suppose -u - z*u + 265 = 0. Is u composite?
False
Let j(z) = -7*z + 17. Let g(y) = y**2 + 8*y + 8. Let u be g(-8). Let x be j(u). Let m = x + 188. Is m a composite number?
False
Let f(l) = -7*l + 9. Let t(k) = -6*k + 10. Let d(c) = 3*f(c) - 2*t(c). Is d(-10) a composite number?
False
Suppose -1664 = -3*j + v, 17*j - 3*v = 18*j - 538. Is j a composite number?
True
Suppose -5*y + 20 = 0, -r + 0*y = 4*y - 20. Is 25233/52 - 1/r prime?
False
Let i = -72 - -80. Is 1175/40*2 - (-2)/i a composite number?
False
Let t(k) = 6*k - 20. Let p be t(6). Suppose -19*f = -p*f - 231. Is f prime?
False
Let x = -173 - -273. Let q = -15 - -40. Suppose -2*u + x = 2*u - 4*k, u = -k + q. Is u prime?
False
Let s(l) = 154*l + 17. Is s(3) prime?
True
Is 257360/140 - 4*(-3)/(-42) a prime number?
False
Let n = -8259 - -24736. Is n a composite number?
False
Let g(k) = 13*k**2 - 6*k + 49. Is g(-10) a prime number?
True
Suppose 0 = 5*o - f - 43267, 10*f = -4*o + 5*f + 34631. Is o a prime number?
False
Suppose -5*r = -4*q - 2*r + 27, 0 = -q - r - 2. Suppose 0 = 4*p - q*h - 1211, 2*h = -5*p + 2*p + 887. Is p a composite number?
True
Suppose 3349 = 4*w - 963. Suppose -4*d + w = 5*r + 334, -r - 4 = 0. Is d composite?
False
Let s be (3156/(-10))/((-45)/1500). Suppose 10*y - s + 1180 = 0. Is y composite?
True
Let z(i) = 186*i**2 + 18*i - 79. Is z(-11) a prime number?
True
Let p be (-2 + -46)*(-3)/(-12)*-2. Let j = 307 + p. Is j composite?
False
Let f(m) = -593*m**3 + 3*m**2 + 4*m + 1. Suppose -5*h = -4*y + 25, h = -2*h - 4*y + 17. Is f(h) composite?
False
Let p = -1 - -19. Let o = 15 - p. Is 116 - ((-3)/o)/1 prime?
False
Let v(c) = -138*c - 139. Is v(-22) composite?
False
Let m = -18582 + 32720. Is m a prime